e
Does 15 divide 1350?
True
Is 9746 a multiple of 273?
False
Is 44014 a multiple of 60?
False
Is 26393 a multiple of 21?
False
Is 6724 a multiple of 164?
True
Does 48 divide 768?
True
Does 43 divide 2408?
True
Is 936 a multiple of 12?
True
Does 20 divide 58584?
False
Is 4360 a multiple of 40?
True
Is 30 a factor of 881?
False
Is 18 a factor of 831?
False
Does 140 divide 60060?
True
Is 32 a factor of 148744?
False
Is 62 a multiple of 7?
False
Does 36 divide 36?
True
Is 47 a factor of 260?
False
Does 145 divide 18182?
False
Does 413 divide 45430?
True
Is 50 a factor of 14850?
True
Is 2 a factor of 636?
True
Is 26 a factor of 1300?
True
Is 804 a multiple of 4?
True
Is 495 a multiple of 33?
True
Does 25 divide 798?
False
Is 16283 a multiple of 41?
False
Is 12 a factor of 39770?
False
Is 19 a factor of 5066?
False
Is 14661 a multiple of 103?
False
Is 1683 a multiple of 33?
True
Is 894 a multiple of 149?
True
Is 12 a factor of 462?
False
Is 31275 a multiple of 239?
False
Is 41 a factor of 14325?
False
Is 2810 a multiple of 22?
False
Is 44 a factor of 6160?
True
Is 19 a factor of 209?
True
Is 31 a factor of 961?
True
Is 52 a factor of 22822?
False
Is 117 a factor of 1053?
True
Is 136682 a multiple of 13?
True
Is 2222 a multiple of 22?
True
Does 45 divide 495?
True
Does 62 divide 42504?
False
Does 125 divide 125?
True
Is 836 a multiple of 22?
True
Is 68 a multiple of 11?
False
Is 47 a factor of 28529?
True
Is 555 a multiple of 185?
True
Is 21 a factor of 231?
True
Does 7 divide 13431?
False
Is 11 a factor of 6326?
False
Is 18564 a multiple of 192?
False
Does 12 divide 25538?
False
Does 13 divide 13208?
True
Does 12 divide 12869?
False
Is 63 a factor of 315?
True
Is 15 a factor of 3355?
False
Is 37 a factor of 629?
True
Is 24 a factor of 1008?
True
Is 3162 a multiple of 62?
True
Does 69 divide 690?
True
Does 8 divide 4845?
False
Is 41496 a multiple of 42?
True
Is 79 a factor of 8453?
True
Is 890 a multiple of 11?
False
Is 60 a factor of 60?
True
Does 113 divide 1695?
True
Is 6069 a multiple of 30?
False
Does 2 divide 67?
False
Is 57534 a multiple of 223?
True
Does 11 divide 2051?
False
Does 39 divide 487?
False
Is 181 a factor of 16291?
False
Is 36 a factor of 396?
True
Does 19 divide 260?
False
Is 575 a multiple of 23?
True
Is 3157 a multiple of 7?
True
Is 14 a factor of 69482?
True
Is 9 a factor of 153?
True
Does 59 divide 7114?
False
Does 140 divide 4463?
False
Is 2706 a multiple of 114?
False
Is 960 a multiple of 20?
True
Does 3 divide 173?
False
Is 31 a factor of 3356?
False
Is 10 a factor of 5830?
True
Is 6081 a multiple of 7?
False
Does 12 divide 480?
True
Does 10 divide 1090?
True
Is 9683 a multiple of 58?
False
Is 3 a factor of 6?
True
Is 9 a multiple of 3?
True
Is 42 a factor of 33222?
True
Is 19 a factor of 665?
True
Is 136044 a multiple of 40?
False
Does 3 divide 143?
False
Is 104 a factor of 740?
False
Is 131 a factor of 31612?
False
Is 1872 a multiple of 11?
False
Is 12 a multiple of 3?
True
Does 143 divide 4290?
True
Is 199 a factor of 42825?
False
Is 27 a factor of 3429?
True
Does 24 divide 120?
True
Is 15676 a multiple of 27?
False
Is 1212 a multiple of 50?
False
Does 47 divide 54467?
False
Is 69 a factor of 897?
True
Does 7 divide 963?
False
Is 39 a factor of 3822?
True
Is 3 a factor of 119?
False
Is 3522 a multiple of 16?
False
Is 4504 a multiple of 98?
False
Is 1169 a multiple of 3?
False
Does 39 divide 1140?
False
Does 43 divide 4620?
False
Is 99 even?
False
Is 293 a multiple of 3?
False
Is 71 a factor of 4064?
False
Does 2 divide 786?
True
Is 15 a factor of 94?
False
Is 1311 a multiple of 62?
False
Is 6420 a multiple of 10?
True
Does 17 divide 904?
False
Is 13 a factor of 286?
True
Is 666 a multiple of 36?
False
Is 14372 a multiple of 6?
False
Does 131 divide 4766?
False
Is 19 a factor of 12863?
True
Is 114 a factor of 69996?
True
Is 844 a multiple of 10?
False
Is 1872 a multiple of 12?
True
Is 164 a factor of 12136?
True
Does 6 divide 417?
False
Does 20 divide 4920?
True
Is 13 a factor of 3848?
True
Is 14 a factor of 6506?
False
Does 57 divide 37880?
False
Is 20 a factor of 776?
False
Is 11 a factor of 4203?
False
Is 15 a factor of 1329?
False
Is 14 a factor of 8205?
False
Does 190 divide 12350?
True
Is 55 a factor of 8565?
False
Is 9 a factor of 954?
True
Is 16422 a multiple of 119?
True
Is 1061 a multiple of 4?
False
Is 10 a factor of 3046?
False
Is 370 a multiple of 22?
False
Is 547 a multiple of 11?
False
Is 148 a factor of 13172?
True
Is 1596 a multiple of 38?
True
Does 7 divide 8715?
True
Does 22 divide 115522?
True
Is 23 a factor of 541?
False
Is 44 a factor of 595?
False
Is 5 a factor of 3410?
True
Does 75 divide 25425?
True
Is 18377 a multiple of 17?
True
Is 21 a factor of 15443?
False
Is 45024 a multiple of 84?
True
Is 6 a factor of 408?
True
Does 8 divide 491?
False
Is 1424 a multiple of 89?
True
Is 1401 a multiple of 133?
False
Is 21 a factor of 14154?
True
Does 15 divide 8070?
True
Is 228 a factor of 7524?
True
Is 1262 a multiple of 98?
False
Is 322 a multiple of 13?
False
Does 32 divide 1216?
True
Is 627 a multiple of 3?
True
Is 63 a factor of 693?
True
Is 66245 a multiple of 83?
False
Is 32046 a multiple of 42?
True
Is 320 a multiple of 8?
True
Is 25758 a multiple of 9?
True
Is 882 a multiple of 14?
True
Is 840 a multiple of 28?
True
Is 64 a factor of 256?
True
Does 8 divide 2878?
False
Does 2 divide 113?
False
Is 413 a multiple of 11?
False
Is 4672 a multiple of 63?
False
Does 6 divide 8281?
False
Is 2451 a multiple of 3?
True
Is 3 a factor of 11170?
False
Is 62 a multiple of 3?
False
Does 40 divide 840?
True
Is 1423 a multiple of 13?
False
Does 191 divide 46771?
False
Is 1422 a multiple of 21?
False
Is 83 a factor of 50588?
False
Does 6 divide 30546?
True
Is 11 a factor of 4127?
False
Is 44782 a multiple of 198?
False
Does 11 divide 1881?
True
Does 31 divide 1535?
False
Is 176 a factor of 82208?
False
Is 53 a factor of 2067?
True
Does 149 divide 14770?
False
Is 26536 a multiple of 62?
True
Is 10 a factor of 32330?
True
Is 149 a multiple of 5?
False
Is 54210 a multiple of 195?
True
Is 2575 a multiple of 89?
False
Is 11 a factor of 77?
True
Does 4 divide 7840?
True
Is 4945 a multiple of 115?
True
Is 389 a multiple of 5?
False
Is 22 a factor of 16513?
False
Does 13 divide 5392?
False
Is 1155 a multiple of 5?
True
Is 6683 a multiple of 3?
False
Is 20 a factor of 1406?
False
Does 69 divide 45192?
False
Does 15 divide 15?
True
Is 3 a factor of 337?
False
Is 41 a factor of 4469?
True
Is 12 a factor of 432?
True
Is 55 a factor of 2145?
True
Is 4 a factor of 476?
True
Does 6 divide 438?
True
Does 13 divide 29653?
True
Is 169 a factor of 21125?
True
Is 17 a factor of 212?
False
Is 1735 a multiple of 18?
False
Is 1080 a multiple of 60?
True
Is 4 a factor of 4482?
False
Is 6460 a multiple of 5?
True
Does 9 divide 72?
True
Is 4 a factor of 150?
False
Is 3000 a multiple of 10?
True
Does 42 divide 2466?
False
Is 26112 a multiple of 16?
True
Is 9 a factor of 2484?
True
Does 11 divide 358?
False
Does 5 divide 75?
True
Is 7 a factor of 54?
False
Is 17 a factor of 239?
False
Is 1290 a multiple of 15?
True
Does 232 divide 9512?
True
Is 146627 a multiple of 34?
False
Is 34 a factor of 543?
False
Is 199 a factor of 17711?
True
Does 8 divide 1945?
False
Is 5 a factor of 5500?
True
Is 6 a factor of 13320?
True
Is 498 a multiple of 6?
True
Is 246 a multiple of 15?
False
Does 36 divide 2061?
False
Is 5 a factor of 5743?
False
Is 124 a multiple of 2?
True
Is 875 a multiple of 175?
True
Does 12 divide 55?
False
Does 19 divide 4270?
False
Does 36 divide 76872?
False
Does 6 divide 36?
True
Is 701 a multiple of 60?
False
Does 73 divide 3212?
True
Is 4384 a multiple of 8?
True
Does 37 divide 814?
True
Does 14 divide 2538?
False
Is 3749 a multiple of 83?
False
Is 5914 a multiple of 6?
False
Is 12 a factor of 427?
False
Is 19 a factor of 90098?
True
Is 58 a factor of 84720?
False
Does 166 divide 7138?
True
Is 116 a factor of 3800?
False
Is 60 a factor of 40931?
False
Is 5498 a multiple of 45?
False
Does 45 divide 861?
False
Is 27048 a multiple of 42?
True
Is 51 a factor of 2040?
True
Is 12747 a multiple of 21?
True
Is 424 a multiple of 4?
True
Does 189 divide 11529?
True
Is 59925 a multiple of 187?
False
Is 1419 a multiple of 28?
False
Is 27